n 4077916 is divided by 28123?
81
Calculate the remainder when 1859317 is divided by 11.
9
Calculate the remainder when 2652269 is divided by 33573.
2
Calculate the remainder when 70958 is divided by 639.
29
What is the remainder when 9497276 is divided by 130?
126
Calculate the remainder when 3733638 is divided by 274.
114
What is the remainder when 15983 is divided by 504?
359
Calculate the remainder when 6616056 is divided by 374.
370
Calculate the remainder when 153936 is divided by 30779.
41
What is the remainder when 2551884 is divided by 22?
16
What is the remainder when 273104 is divided by 717?
644
What is the remainder when 23685742 is divided by 356?
350
Calculate the remainder when 1695323 is divided by 425.
423
Calculate the remainder when 8492308 is divided by 73.
72
What is the remainder when 265408 is divided by 3282?
2848
What is the remainder when 14949212 is divided by 1660993?
275
What is the remainder when 11747474 is divided by 172?
46
What is the remainder when 2190936 is divided by 761?
17
What is the remainder when 74170219 is divided by 12?
7
What is the remainder when 285914 is divided by 1856?
90
What is the remainder when 12887141 is divided by 3221781?
17
What is the remainder when 2756793 is divided by 2661?
2658
What is the remainder when 233900279 is divided by 1530?
1529
Calculate the remainder when 446835 is divided by 37179.
687
Calculate the remainder when 17997 is divided by 2112.
1101
What is the remainder when 15523980 is divided by 1194149?
43
What is the remainder when 478034 is divided by 46?
2
Calculate the remainder when 117989956 is divided by 23597988.
16
Calculate the remainder when 49072 is divided by 1017.
256
What is the remainder when 199857 is divided by 11755?
22
Calculate the remainder when 122167577 is divided by 5544.
5537
Calculate the remainder when 233914347 is divided by 1770.
1767
What is the remainder when 200728 is divided by 14332?
80
What is the remainder when 224932 is divided by 1572?
136
What is the remainder when 2528847 is divided by 25?
22
Calculate the remainder when 96685067 is divided by 8.
3
Calculate the remainder when 42216345 is divided by 978.
975
What is the remainder when 41155631 is divided by 8231126?
1
What is the remainder when 11664967 is divided by 5832448?
71
What is the remainder when 673372 is divided by 78?
76
What is the remainder when 22555809 is divided by 11277869?
71
Calculate the remainder when 15925668 is divided by 1327139.
0
What is the remainder when 2771292 is divided by 271?
46
What is the remainder when 302205 is divided by 106?
105
Calculate the remainder when 20711639 is divided by 40.
39
Calculate the remainder when 199913803 is divided by 21.
19
Calculate the remainder when 475907 is divided by 586.
75
What is the remainder when 72627106 is divided by 7?
6
Calculate the remainder when 4290681 is divided by 248.
33
What is the remainder when 10389746 is divided by 25?
21
Calculate the remainder when 2622964 is divided by 1417.
97
Calculate the remainder when 16368201 is divided by 163682.
1
What is the remainder when 44543517 is divided by 1406?
31
Calculate the remainder when 9835228 is divided by 7.
4
What is the remainder when 5223348 is divided by 6059?
490
What is the remainder when 465441 is divided by 8021?
223
What is the remainder when 12668347 is divided by 7?
6
Calculate the remainder when 49386657 is divided by 332.
329
Calculate the remainder when 45465496 is divided by 148580.
16
Calculate the remainder when 15429782 is divided by 11238.
8
What is the remainder when 346963 is divided by 346896?
67
What is the remainder when 1042358 is divided by 280?
198
What is the remainder when 361622347 is divided by 728?
723
Calculate the remainder when 172640 is divided by 6077.
2484
What is the remainder when 10221337 is divided by 1902?
1891
What is the remainder when 133494842 is divided by 82?
72
What is the remainder when 1720751 is divided by 67?
57
Calculate the remainder when 1240128 is divided by 7899.
7884
What is the remainder when 32532027 is divided by 488?
483
What is the remainder when 285166 is divided by 8631?
343
Calculate the remainder when 5449786 is divided by 95.
16
Calculate the remainder when 20418037 is divided by 106.
105
What is the remainder when 1616199 is divided by 200?
199
Calculate the remainder when 16204989 is divided by 675207.
21
Calculate the remainder when 12967931 is divided by 3831.
3827
Calculate the remainder when 25202 is divided by 5835.
1862
What is the remainder when 2894387 is divided by 489?
485
What is the remainder when 65660803 is divided by 1320?
43
Calculate the remainder when 269795 is divided by 269701.
94
Calculate the remainder when 17212482 is divided by 262.
130
What is the remainder when 82910584 is divided by 11844368?
8
What is the remainder when 10909 is divided by 9961?
948
Calculate the remainder when 1178176 is divided by 62006.
62
Calculate the remainder when 77108316 is divided by 2224.
12
Calculate the remainder when 4318259 is divided by 241.
21
Calculate the remainder when 1664976 is divided by 15707.
34
What is the remainder when 70356030 is divided by 19?
18
What is the remainder when 34258 is divided by 51?
37
What is the remainder when 745119 is divided by 148986?
189
Calculate the remainder when 18529918 is divided by 430928.
14
Calculate the remainder when 130929 is divided by 614.
147
What is the remainder when 15122716 is divided by 101?
87
Calculate the remainder when 3805616 is divided by 780.
776
What is the remainder when 1469299 is divided by 15305?
19
Calculate the remainder when 17931 is divided by 1932.
543
What is the remainder when 104466 is divided by 308?
54
What is the remainder when 284080 is divided by 6105?
3250
Calculate the remainder when 84012364 is divided by 201.
193
What is the remainder when 99637 is divided by 68?
17
Calculate the remainder when 60019549 is divided by 29164.
37
Calculate the remainder when 2687438 is divided by 1946.
12
Calculate the remainder when 59900378 is divided by 1996678.
38
What is the remainder when 109231384 is divided by 2897?
2896
What is the remainder when 10117340 is divided by 82929?
2
Calculate the remainder when 1621192 is divided by 534.
502
What is the remainder when 50821537 is divided by 94?
61
What is the remainder when 39860085 is divided by 399?
384
What is the remainder when 61369 is divided by 1170?
529
Calculate the remainder when 422604 is divided by 42260.
4
What is the remainder when 554006 is divided by 5275?
131
Calculate the remainder when 103331 is divided by 34110.
1001
Calculate the remainder when 2850549 is divided by 712613.
97
What is the remainder when 124098 is divided by 9242?
3952
What is the remainder when 131968435 is divided by 120?
115
Calculate the remainder when 11662775 is divided by 3147.
3140
What is the remainder when 27776300 is divided by 1207665?
5
What is the remainder when 61422 is divided by 519?
180
Calculate the remainder when 5701880 is divided by 259.
254
What is the remainder when 28565438 is divided by 178?
176
Calculate the remainder when 308448 is divided by 25699.
60
What is the remainder when 1853705 is divided by 15577?
42
What is the remainder when 11557627 is divided by 144470?
27
What is the remainder when 189599 is divided by 126?
95
Calculate the remainder when 4264295 is divided by 609183.
14
Calculate the remainder when 54271872 is divided by 373.
372
Calculate the remainder when 30819 is divided by 595.
474
Calculate the remainder when 5711778 is divided by 634638.
36
Calculate the remainder when 20497682 is divided by 33.
29
What is the remainder when 1756926 is divided by 459?
333
What is the remainder when 2884798 is divided by 49737?
52
What is the remainder when 251816 is divided by 251041?
775
Calculate the remainder when 3292529 is divided by 128.
113
What is the remainder when 7465058 is divided by 99?
62
Calculate the remainder when 144860 is divided by 3447.
86
Calculate the remainder when 54011 is divided by 1629.
254
What is the remainder when 3210855 is divided by 2573?
2324
What is the remainder when 54226 is divided by 1584?
370
What is the remainder when 2305041 is divided by 164645?
11
What is the remainder when 4771